e z(3). Suppose 4*c - 12 = v, -q - 1872 = -5*q - 4*c. What is the hundreds digit of q?
4
Let w be ((-35)/(-21))/(-2*20/(-72)). Suppose j = -w*h + 723 + 247, -j = -4*h - 963. What is the hundreds digit of j?
9
Let w be (-27)/(-6)*(6 + -4). Suppose 3 = w*i - 6*i. Let o(y) = 173*y**2 - 2*y + 2. What is the tens digit of o(i)?
7
Suppose 2*i - 341 = -337, 3*s = -i + 461. Suppose 4*h - 6 = 4*p + 2, 4*h = -5*p + 26. Suppose h*j + 12 = 0, 5*j - 76 = -2*q + s. What is the units digit of q?
2
Let s = 159 - 159. Suppose s = 5*v - m - 2687, -5*v + 4*m + 1426 = -1252. What is the units digit of v?
8
Let u = 15123 + 4957. What is the thousands digit of u?
0
Let t = -17399 + 36250. What is the ten thousands digit of t?
1
Let v be (-6)/(0 + 6/(-1443)). Suppose -4*s - 5*g + 32 = -v, 0 = -4*s - 4*g + 1476. What is the tens digit of s?
7
Let m = 14994 - 626. What is the tens digit of m?
6
Suppose r + 5*n - 32 = -3*r, -3*r + 24 = -3*n. Suppose -r = q + 2*b, 3*b + b = 2*q - 24. What is the tens digit of (22/(-6))/(q/(-12))?
2
Let y(z) = z**3 + 5*z**2 - 12*z + 14. Let p be y(-7). Suppose -3*j + 1400 - 230 = p. What is the units digit of j?
0
Suppose 0*z = -0*z - z. Suppose -2*x - y = -0*x + 1, z = -5*y - 25. Suppose -2*k - x*u + 67 = k, 3*k = u + 79. What is the tens digit of k?
2
Suppose r - 4 = -0*r, -y = -3*r - 6653. Suppose 0 = -15*l + y + 2530. What is the tens digit of l?
1
Suppose -2*z - 52*z - 19*z = -619916. What is the hundreds digit of z?
4
Let m(c) be the first derivative of 13*c**3/3 - 2*c**2 + 104*c + 214. What is the tens digit of m(-10)?
4
Let v = 45804 - 32589. What is the units digit of v?
5
Let f(b) = 209*b + 2165. What is the ten thousands digit of f(80)?
1
Suppose -4*z - 3*x = 4 - 0, -5*z = 3*x + 5. What is the units digit of ((-14)/28)/(z/386)?
3
Suppose 6*v - 5 = -5*b + 7*v, 2*b - 2*v - 2 = 0. Let r(k) = 438*k - 13. What is the hundreds digit of r(b)?
4
Let z = -1145 - -801. Let c = z - -1097. What is the units digit of c?
3
Let l = -85 - -83. Let i be l/14 - 8136/84. Let c = -13 - i. What is the units digit of c?
4
What is the hundreds digit of (-20)/(2200/33) + 210486/20?
5
Suppose 0 = -6*p + 2*p + 76. Let c = p + -56. Let a = c - -47. What is the units digit of a?
0
Let f be (3/(-4))/((-4)/16). Suppose -3*l + i = -20, -i - 1 = f*l - 11. Suppose l*w + 2700 = 15*w. What is the units digit of w?
0
Let y be (12/(-21))/2 - 16304/(-28). Suppose -6 - 250 = -2*j - 5*v, -2*v - y = -5*j. Let n = j - 98. What is the units digit of n?
0
Suppose -52*p + 58*p = 42. Let j = -2 - -1. What is the units digit of (2 + -1 - p)/j?
6
Let c(h) = -6*h - 6. Let q be (1/(-6))/((-3)/18)*12. Let l be c(q). What is the tens digit of (-282)/(-10) - (l/(-15) + -5)?
2
Let h(u) = u**3 - 80*u**2 + 62*u + 96. What is the ten thousands digit of h(82)?
1
Let v = -228 - -229. What is the hundreds digit of 1*(v - 2)*-205?
2
Suppose l - 2*w = -4*w - 16, -25 = 5*w. Let n be (l/18)/(1/(-9)) + 2. Suppose 4*z = n*z - 129. What is the units digit of z?
9
Let q = -31600 - -64004. What is the tens digit of q?
0
Suppose -1159980 = -74*y + 548310. What is the thousands digit of y?
3
Suppose -45 = 7*h - 276. Let w be (h/4)/(1*(-7)/(-28)). Suppose -147 = -2*o - w. What is the tens digit of o?
5
Let m(o) be the first derivative of 3/4*o**4 + 13/2*o**2 - o - 19 - 5/3*o**3. What is the units digit of m(3)?
4
Let c(d) be the second derivative of -d**4/12 + d**3/3 + 70*d**2 - 34*d. What is the hundreds digit of c(0)?
1
Let h = -7512 - -14564. What is the hundreds digit of h?
0
Let k = -7494 - -19854. What is the ten thousands digit of k?
1
Suppose -3*i + 4*u + 6876 = 0, 5*i - 11434 = -2*u - 0*u. Suppose 5*b = -17*b + i. What is the units digit of b?
4
Let n(i) = i + 14. Let g be n(6). Suppose 8*p = 4*p + g. What is the tens digit of 90/(-27)*(-78)/p?
5
Let q(r) = 2*r**2 + 2*r - 2. Let i be q(-3). Let t(d) = -d**3 + 11*d**2 + 11*d + 12. What is the tens digit of t(i)?
2
Let t(j) = 3816*j**2 + j. Let c be t(-1). Suppose -5*w + c = -5*d, 5*w - 4*d + 773 = 6*w. What is the hundreds digit of w?
7
Let s(y) = 53*y**2 + 22*y + 308. What is the hundreds digit of s(-7)?
7
Let b(f) = -4*f + 70. Suppose 2*x = -4*i + 6, 4*i + 3*x = 8 - 1. Suppose -2*o + 1 = i. What is the tens digit of b(o)?
7
Suppose -d - 605 = -4*q + 949, q - 378 = -5*d. Let p = 1116 - q. What is the tens digit of p?
2
Suppose -b - 6*b = 7238. Let n = b + 2204. What is the thousands digit of n?
1
Let a be (-7 + 10 - 2)/(2/(-234)). What is the units digit of -34*a/42 + (-12)/(-42)?
5
Suppose 13*l - 11*l - 30 = 0. Let q(f) = -f**3 + 15*f**2 + 24*f + 10. What is the hundreds digit of q(l)?
3
Let h(s) be the first derivative of 27/4*s**4 + 0*s + 0*s**3 + s**2 - 9. What is the hundreds digit of h(2)?
2
Suppose 5*d = -9*o + 215059, 0 = 3*d + 63*o - 65*o - 128991. What is the tens digit of d?
0
Let f(q) = 2*q**3 - 9*q**2 + 7*q - 5. Let b be f(4). Suppose -i - 4*w - 5 = 0, -7 = 2*i - 2*w + b*w. What is the tens digit of 300/18 + i + (-6)/9?
1
Let a = 7 - 7. Let t = -145 - -228. Suppose 2*y + a*w - w = t, -4*w = -20. What is the tens digit of y?
4
Let z(d) = 4*d**3 - 2*d**2 - 41*d + 56. What is the hundreds digit of z(7)?
0
Let s(m) = -m + 8. Let n be s(7). What is the tens digit of 65/n + 30 + -24?
7
Let f(k) = -51*k - 19. Let q be f(2). Let v = q - -467. What is the hundreds digit of v?
3
Suppose -3*v - 3170 = 4*x - 41727, 4*v - 28909 = -3*x. What is the units digit of x?
3
Let f(b) be the third derivative of -7*b**6/60 - 7*b**5/60 - b**4/3 - 23*b**3/6 + 112*b**2. What is the tens digit of f(-5)?
9
Let t = 148 + -283. Let w = t + 432. What is the tens digit of w?
9
Let g(u) = u**3 - 19*u**2 + 43*u - 30. Let m be g(19). Suppose 0 = 3*z - z + 2*p - 398, -4*z + m = p. What is the tens digit of z?
9
Suppose 0 = 52*c - 40*c - 46800. What is the units digit of c?
0
Let i(q) = -2*q**2 + 20*q - 30. Let d be i(-19). Let z be d/20 - (-9)/15 - 0. Let w = 6 - z. What is the units digit of w?
2
Let g = -176 + 140. Let m(f) = f**2 + 32*f - 43. What is the tens digit of m(g)?
0
Suppose -12*k + 11*k = -10. Let x(c) = 63*c + 207. What is the tens digit of x(k)?
3
Let m = 11088 + -7555. What is the hundreds digit of m?
5
Suppose -216 = -8*t + 5*t. Let w = t + 9. Suppose 0 = -2*r + 59 + w. What is the units digit of r?
0
Let p(d) = 2*d**2 - 37*d - 13. Let j be p(19). Suppose 7*u = 5*u + j. Suppose -190 = -u*w - 2*o + 7*o, 0 = -3*w + 3*o + 192. What is the tens digit of w?
6
Let t(f) = -f**2 - 12*f - 17. Let n be t(-10). Let h = -19 - -23. Suppose 0 = -h*w - n*w + 133. What is the tens digit of w?
1
Let i(p) = 978*p**2 - 747*p + 9. What is the ten thousands digit of i(-5)?
2
Suppose 5*r + 2*h = 3103, r + 0*r + 5*h - 616 = 0. Let t = r + -476. What is the units digit of t?
5
Let g(h) = h**3 + 7*h**2 - 18*h - 36. Let d = -393 + 402. What is the hundreds digit of g(d)?
0
Let y(d) = -331*d + 24. Let t be y(-4). Let o = t - 822. What is the tens digit of o?
2
Suppose 37719*b = 37703*b + 11600. What is the units digit of b?
5
Suppose 4*q - 5*n + 11 = 48, -q - 4*n = 17. Suppose -q*p + 0*g + 5*g = 0, 5*g + 5 = 4*p. Suppose 6 = -2*z, 0*y + 5*y - 280 = -p*z. What is the tens digit of y?
5
Suppose 0 = 5*s - 27 - 53. Let d = 34 - s. What is the units digit of (2*-1)/(d/(-27))?
3
Let g(t) = -12*t**2 + 0*t**3 - 4*t + t + 3*t**3 - 11 - 9*t**2 + 27*t**2. What is the tens digit of g(7)?
9
What is the ten thousands digit of 21151 - (24 - (-13 - -29))?
2
Let s be (6/(-3) + -1)/((-4)/12). Suppose 4 = s*m - 8*m. Suppose -6 = 3*u, -45 = r - m*r + 3*u. What is the tens digit of r?
1
Let a(m) = -18*m - 6 + 4 + 19*m + 3. Let p(y) = -18*y + 4. Let g(i) = -5*a(i) - p(i). What is the tens digit of g(2)?
1
Let g(j) = -10*j**2 + 6*j. Let m be g(3). Let q = m + 82. Suppose q*b - 2534 = -544. What is the hundreds digit of b?
1
Let s(c) = -17*c + 1204. Suppose -7*d + 15*d = 4*d. What is the thousands digit of s(d)?
1
Let r = -3275 + 11140. What is the thousands digit of r?
7
Let n = -50 + 40. Let d be (n/(-15))/((4/492)/1). Suppose -2*s = -72 - d. What is the tens digit of s?
7
Let r = 57 - 26. Suppose 0 = -r*s + 24*s + 1211. Let n = s + -73. What is the units digit of n?
0
Let r be 2/8 + 45/12. Let p(k) = -2*k**2 - 6 + 0*k**2 + k**3 + 2*k - 3*k + 2*k. What is the units digit of p(r)?
0
Suppo